factors of 23074544.
2, 1442159
What are the prime factors of 366353278?
2, 53, 881, 3923
List the prime factors of 2776812367.
7, 396687481
List the prime factors of 182434828.
2, 45608707
What are the prime factors of 34683964?
2, 7, 311, 569
List the prime factors of 3956692537.
7, 565241791
What are the prime factors of 6329165184?
2, 3, 43, 67, 1907
What are the prime factors of 23255263?
59, 394157
What are the prime factors of 60724358?
2, 751, 40429
What are the prime factors of 1771536550?
2, 5, 7, 5061533
What are the prime factors of 386625729?
3, 7, 2630107
What are the prime factors of 402541000?
2, 5, 402541
List the prime factors of 178895765.
5, 4421, 8093
List the prime factors of 1525852710.
2, 3, 5, 16953919
List the prime factors of 5355755059.
163, 3989, 8237
List the prime factors of 59841218.
2, 109, 313, 877
List the prime factors of 439996450.
2, 5, 8799929
List the prime factors of 277742755.
5, 1979, 28069
List the prime factors of 1187816347.
23, 51644189
List the prime factors of 232643093.
1951, 119243
What are the prime factors of 726201285?
3, 5, 89, 543971
List the prime factors of 273043480.
2, 5, 6826087
What are the prime factors of 119050412?
2, 13, 2289431
List the prime factors of 496024401.
3, 463, 357109
What are the prime factors of 3276277686?
2, 3, 11, 5515619
List the prime factors of 1298298902.
2, 127, 5111413
List the prime factors of 2592832372.
2, 13, 89, 560249
List the prime factors of 78500119.
2441, 32159
What are the prime factors of 25675640?
2, 5, 641891
What are the prime factors of 2131368600?
2, 3, 5, 23, 41, 3767
What are the prime factors of 75345172?
2, 7, 37, 72727
What are the prime factors of 2802798510?
2, 3, 5, 97, 227, 4243
List the prime factors of 594569515.
5, 211, 379, 1487
List the prime factors of 2063792.
2, 128987
What are the prime factors of 8656297266?
2, 3, 97, 1741, 8543
List the prime factors of 93137601.
3, 19, 1633993
What are the prime factors of 16139061?
3, 43, 13901
What are the prime factors of 2122991399?
17, 43, 170837
List the prime factors of 53574596.
2, 59, 227011
List the prime factors of 825775847.
13, 63521219
What are the prime factors of 1392903205?
5, 19, 29, 71, 7121
What are the prime factors of 881016306?
2, 3, 1031, 142421
List the prime factors of 1731177957.
3, 173, 257, 12979
What are the prime factors of 483675241?
7, 1439, 48017
List the prime factors of 75750805.
5, 13, 1165397
What are the prime factors of 4554269708?
2, 59, 19297753
List the prime factors of 541500298.
2, 67, 4041047
What are the prime factors of 157689264?
2, 3, 37, 88789
List the prime factors of 107685053.
7, 15383579
What are the prime factors of 81624750?
2, 3, 5, 43, 2531
What are the prime factors of 881082562?
2, 17, 67, 461, 839
What are the prime factors of 6639117512?
2, 61, 13604749
What are the prime factors of 795509850?
2, 3, 5, 5303399
What are the prime factors of 8282063765?
5, 9391, 176383
List the prime factors of 357658720.
2, 5, 47, 199, 239
What are the prime factors of 489209556?
2, 3, 11, 3706133
List the prime factors of 5317525211.
43, 1453, 85109
List the prime factors of 251028789.
3, 11, 587, 12959
What are the prime factors of 636339534?
2, 3, 1979, 53591
List the prime factors of 51304668.
2, 3, 4275389
List the prime factors of 136517206.
2, 7, 9751229
What are the prime factors of 23286756?
2, 3, 1940563
List the prime factors of 321527193.
3, 13, 8244287
What are the prime factors of 22564564?
2, 11, 23, 2027
What are the prime factors of 91248955?
5, 7, 83, 101, 311
List the prime factors of 100692303.
3, 401, 83701
List the prime factors of 1314331462.
2, 1733, 379207
List the prime factors of 2115950722.
2, 29, 4397, 8297
List the prime factors of 139785413.
19, 7357127
List the prime factors of 303641082.
2, 3, 79, 109, 653
List the prime factors of 826265573.
7, 118037939
List the prime factors of 123565448.
2, 2063, 7487
List the prime factors of 7522693.
67, 112279
What are the prime factors of 3203033984?
2, 19, 997, 1321
List the prime factors of 111592340.
2, 5, 5579617
List the prime factors of 1123215715.
5, 31, 7246553
What are the prime factors of 9231298574?
2, 103, 757, 59197
What are the prime factors of 1340483896?
2, 19, 31, 284483
What are the prime factors of 262521963?
3, 11, 241067
What are the prime factors of 337751102?
2, 13, 12990427
What are the prime factors of 192241914?
2, 3, 32040319
List the prime factors of 213722890.
2, 5, 21372289
What are the prime factors of 1369485749?
1369485749
List the prime factors of 167487611.
167487611
What are the prime factors of 11777896?
2, 13, 269, 421
What are the prime factors of 7904284692?
2, 3, 37, 2203, 8081
List the prime factors of 8432187.
3, 17, 101, 1637
What are the prime factors of 292779947?
6529, 44843
What are the prime factors of 252280709?
257, 981637
What are the prime factors of 1243475398?
2, 11, 29, 71, 97, 283
What are the prime factors of 203443470?
2, 3, 5, 2260483
What are the prime factors of 7300417?
7300417
What are the prime factors of 1943259946?
2, 53, 1429, 12829
What are the prime factors of 124420540?
2, 5, 6221027
What are the prime factors of 368954228?
2, 311, 296587
List the prime factors of 5178552155.
5, 7, 17, 587, 14827
List the prime factors of 18575867.
1201, 15467
List the prime factors of 191195368.
2, 7, 13, 181, 1451
List the prime factors of 2894139735.
3, 5, 192942649
List the prime factors of 600228070.
2, 5, 13, 47, 193, 509
List the prime factors of 124463002.
2, 62231501
What are the prime factors of 81724441?
787, 103843
What are the prime factors of 323167865?
5, 19, 3401767
List the prime factors of 2364128011.
7, 239, 1413107
List the prime factors of 155432579.
79, 1967501
List the prime factors of 25814313.
3, 7, 17, 24103
What are the prime factors of 731639468?
2, 7, 149, 157, 1117
What are the prime factors of 2685080145?
3, 5, 11, 23, 131, 491
What are the prime factors of 77996253?
3, 3203, 8117
What are the prime factors of 55238608?
2, 3452413
List the prime factors of 487689018.
2, 3, 81281503
What are the prime factors of 178173024?
2, 3, 1855969
What are the prime factors of 300072664?
2, 37, 61, 16619
List the prime factors of 1486149067.
13, 37, 71, 43517
What are the prime factors of 134752608?
2, 3, 17, 1619
List the prime factors of 213802954.
2, 53, 2017009
List the prime factors of 3187399317.
3, 23, 2371, 19483
What are the prime factors of 378794580?
2, 3, 5, 31, 203653
What are the prime factors of 826686314?
2, 19, 499, 43597
What are the prime factors of 402151816?
2, 11, 29, 37, 4259
List the prime factors of 65408217.
3, 7, 151, 20627
What are the prime factors of 31046550?
2, 3, 5, 23, 8999
List the prime factors of 22932306.
2, 3, 1274017
List the prime factors of 311115436.
2, 17, 269131
What are the prime factors of 1322557942?
2, 17, 409, 95107
List the prime factors of 15604218.
2, 3, 7, 41281
What are the prime factors of 1423851540?
2, 3, 5, 101, 234959
List the prime factors of 717939940.
2, 5, 23, 1560739
What are the prime factors of 47019864?
2, 3, 1959161
What are the prime factors of 2035426697?
47, 151, 286801
List the prime factors of 148089986.
2, 11, 6731363
What are the prime factors of 91367416?
2, 7, 31, 52631
List the prime factors of 15028699.
7, 29, 101, 733
What are the prime factors of 214548461?
11491, 18671
What are the prime factors of 85511559?
3, 7, 479, 8501
List the prime factors of 75299349.
3, 313, 80191
List the prime factors of 983385563.
29, 479, 70793
What are the prime factors of 94502982?
2, 3, 7, 277, 8123
List the prime factors of 125586450.
2, 3, 5, 11, 2819
What are the prime factors of 8270862?
2, 3, 31, 53, 839
List the prime factors of 59906194.
2, 293, 102229
What are the prime factors of 1859715253?
11, 89, 349, 5443
List the prime factors of 3080037466.
2, 11, 5839, 23977
What are the prime factors of 95494692?
2, 3, 101, 78791
List the prime factors of 456116725.
5, 18244669
List the prime factors of 1169503.
229, 5107
List the prime factors of 45722913.
3, 41, 251, 1481
What are the prime factors of 2322606291?
3, 37, 859, 24359
List the prime factors of 78491951.
29, 79, 34261
What are the prime factors of 111671795?
5, 53